 the greatest common factor of 615 and 37069945.
205
What is the highest common divisor of 69 and 219911280?
69
What is the highest common factor of 28 and 7417704?
28
What is the highest common divisor of 2602686303 and 9?
9
Calculate the greatest common factor of 27018 and 251769.
57
What is the highest common factor of 196381397 and 19?
19
Calculate the greatest common divisor of 155 and 13919615.
5
What is the highest common divisor of 8092794 and 295?
59
What is the greatest common factor of 495 and 19735845?
15
What is the highest common divisor of 228473 and 130683?
889
What is the greatest common factor of 11775719 and 1273?
67
Calculate the greatest common divisor of 42 and 414540686.
14
Calculate the highest common factor of 10700 and 398462650.
5350
What is the greatest common factor of 31797500 and 5451?
1817
What is the highest common divisor of 692912 and 6448?
496
What is the highest common divisor of 17322 and 594722?
5774
What is the greatest common divisor of 88501972 and 671?
61
What is the highest common factor of 557227 and 98092?
179
What is the greatest common divisor of 204491 and 413567?
917
Calculate the greatest common divisor of 63 and 22696779.
21
What is the highest common divisor of 21745 and 4540?
5
Calculate the highest common divisor of 250096 and 41552.
784
What is the highest common divisor of 3166801 and 10384?
11
What is the greatest common divisor of 17541613 and 1327?
1327
What is the highest common factor of 59131 and 9976?
29
Calculate the greatest common divisor of 16599 and 11891423.
503
What is the highest common factor of 51457 and 1981?
7
Calculate the highest common divisor of 15648 and 26592.
96
What is the highest common divisor of 56800 and 7600?
400
Calculate the greatest common divisor of 37611365 and 165.
55
Calculate the greatest common divisor of 91010 and 16262050.
4790
Calculate the greatest common divisor of 469333 and 2551512.
2593
Calculate the highest common divisor of 718 and 8097211254.
718
Calculate the highest common divisor of 2528435 and 156.
13
What is the highest common divisor of 48176 and 17484877?
3011
Calculate the highest common factor of 9634 and 620.
2
Calculate the highest common factor of 1141692 and 1422576.
1068
What is the highest common factor of 173440 and 3590?
10
Calculate the highest common factor of 25100900 and 19900.
100
Calculate the highest common factor of 16688664 and 1488.
744
Calculate the highest common divisor of 91 and 59638787.
13
What is the greatest common factor of 513 and 765382662?
513
What is the highest common factor of 18 and 332219700?
18
Calculate the highest common divisor of 522514 and 909719.
851
Calculate the highest common divisor of 120 and 7386264.
24
Calculate the highest common divisor of 13629 and 2351976.
1947
What is the highest common factor of 1344 and 690216?
24
Calculate the greatest common factor of 6367201 and 14687.
773
What is the highest common factor of 9287712 and 6528?
1632
What is the greatest common factor of 140777760 and 1284?
1284
What is the highest common factor of 558 and 8426034?
18
Calculate the greatest common factor of 525440 and 1297280.
640
What is the highest common factor of 80956971 and 201?
201
What is the highest common divisor of 84036 and 2703252?
564
Calculate the greatest common factor of 40423251 and 363.
33
Calculate the highest common factor of 12023668 and 2516.
148
What is the greatest common factor of 2587 and 15833435?
199
What is the highest common factor of 48176 and 3555991?
3011
Calculate the highest common factor of 32917807 and 260.
13
Calculate the greatest common factor of 375 and 1014205.
5
What is the highest common factor of 159 and 62345967?
159
Calculate the highest common factor of 130872 and 53466.
798
Calculate the greatest common divisor of 43893439 and 969.
323
What is the greatest common factor of 3912 and 56104926?
978
What is the greatest common divisor of 762236 and 87?
29
Calculate the highest common factor of 80 and 6988110.
10
Calculate the greatest common factor of 1464114 and 65964.
1434
What is the greatest common divisor of 643383 and 12168?
1521
What is the highest common divisor of 116088459 and 27435?
5487
Calculate the greatest common divisor of 141385647 and 117.
39
What is the highest common divisor of 59992192 and 744?
248
What is the greatest common factor of 5971564 and 348?
116
Calculate the greatest common divisor of 7 and 96817987.
7
What is the greatest common factor of 1070562576 and 96?
48
What is the greatest common divisor of 60050968 and 5778?
214
Calculate the highest common factor of 154029210 and 1230.
1230
What is the highest common factor of 61 and 160748542?
61
What is the highest common divisor of 56507576 and 16?
8
Calculate the greatest common factor of 160 and 842125728.
32
What is the highest common factor of 49 and 856114?
7
Calculate the highest common factor of 12497294 and 106.
106
What is the greatest common divisor of 14642440 and 119?
17
What is the highest common divisor of 2473743 and 741?
57
Calculate the highest common factor of 43 and 286172267.
43
What is the highest common divisor of 146816 and 124496?
496
What is the highest common divisor of 14072901 and 1311?
57
What is the greatest common divisor of 6970 and 12640690?
170
Calculate the greatest common divisor of 9656152 and 198.
22
Calculate the greatest common divisor of 683303070 and 2140.
1070
Calculate the greatest common factor of 192 and 33464316.
12
Calculate the greatest common divisor of 321720 and 6111.
21
Calculate the greatest common factor of 171 and 7804809.
9
What is the highest common divisor of 32480 and 1157408?
224
What is the greatest common factor of 610 and 93911330?
610
What is the highest common factor of 214173 and 33002847?
4041
Calculate the greatest common divisor of 7 and 753254257.
7
What is the greatest common factor of 7074309 and 594?
33
What is the highest common factor of 204671 and 9263?
59
What is the highest common factor of 68535223 and 19?
19
What is the greatest common factor of 10750 and 2932170?
430
Calculate the greatest common divisor of 664 and 43052017.
83
What is the greatest common factor of 2109 and 37381322?
703
What is the highest common divisor of 28 and 4635974?
14
What is the highest common factor of 2717130 and 17810?
130
Calculate the greatest common factor of 38955716 and 124.
124
What is the highest common divisor of 20378828 and 552?
92
Calculate the greatest common factor of 155 and 45713065.
155
Calculate the highest common divisor of 3830184 and 4050.
18
What is the greatest common factor of 15087490 and 1147?
37
Calculate the highest common divisor of 527484 and 1695.
339
What is the highest common divisor of 8 and 165597668?
4
Calculate the greatest common factor of 100296896 and 608.
608
What is the highest common divisor of 210 and 1781031?
21
What is the greatest common factor of 25346 and 1650158?
1334
Calculate the highest common factor of 8910 and 5804460.
810
Calculate the highest common factor of 195299 and 6100666.
1079
Calculate the highest common factor of 74925 and 866725.
925
Calculate the greatest common divisor of 22333869 and 2074.
1037
What is the highest common factor of 268 and 772979?
67
Calculate the highest common divisor of 366138 and 4446.
18
Calculate the highest common divisor of 30 and 38619400.
10
Calculate the highest common factor of 575 and 716225.
25
Calculate the highest common factor of 776750 and 71461.
3107
What is the highest common factor of 2257734 and 260376?
3426
Calculate the greatest common factor of 184786238 and 728.
182
What is the greatest common factor of 3913129 and 6149?
473
What is the highest common factor of 56 and 666701?
7
What is the greatest common factor of 2920 and 5681840?
40
What is the greatest common factor of 3911820 and 4312?
44
Calculate the highest common factor of 1128248 and 3960.
88
Calculate the greatest common factor of 20655336 and 272568.
6648
What is the greatest common factor of 155500 and 61700?
100
Calculate the highest common divisor of 1850607 and 9.
9
Calculate the highest common divisor of 27 and 157203549.
9
Calculate the highest common divisor of 9864 and 801587.
137
What is the greatest common factor of 98